80. What is z(-47)?
5
Let t(v) = 3*v**2 + 72*v - 4. Determine t(-27).
239
Let k(n) = -4568*n + 91346. Give k(20).
-14
Let o(z) = -21*z - 197. What is o(-8)?
-29
Let u(m) = 3*m**2 - 99*m + 194. Determine u(2).
8
Let h(k) = -2*k**2 + 38*k - 40. Give h(22).
-172
Let z(l) = -7*l**2 - 210*l - 1135. Give z(-6).
-127
Let v(w) = -110*w**3 + w**2 + w + 2. Give v(-1).
112
Let n(b) = -148*b - 3127. Determine n(-23).
277
Let s(k) = -36*k**2 + 277*k + 550. What is s(-2)?
-148
Let a(o) = 62*o - 8218. Determine a(133).
28
Let b(p) = -2133*p + 25603. What is b(12)?
7
Let p(g) = 63*g - 121. Determine p(5).
194
Let k(a) = -11*a**3 - 131*a**2 - 59*a - 851. Give k(-12).
1
Let s(w) = w**2 + 367*w - 2617. Determine s(7).
1
Let u(k) = 18*k**2 + k - 1. Determine u(2).
73
Let u(w) = 3202*w - 3212. Calculate u(1).
-10
Let q(z) = -z**2 + 18*z + 10. Determine q(22).
-78
Let z(f) = -f**3 - 14*f**2 - 30*f + 21. What is z(-3)?
12
Let t(g) = 298*g - 679. What is t(2)?
-83
Let k(d) = -d**3 - 47*d**2 - 460*d + 72. Determine k(-33).
6
Let f(g) = -g**3 - 10*g**2 - 22*g - 194. Give f(-10).
26
Let w(r) = r**3 + 4*r**2 - 29*r - 9. Calculate w(4).
3
Let k(s) = 3*s**3 + 88*s**2 + 24*s + 56. Give k(-29).
201
Let b(a) = a**2 - 313*a - 25460. What is b(-67)?
0
Let h(f) = -f**3 + 23*f**2 + 62*f + 10. Give h(25).
310
Let s(l) = -449*l - 2231. Give s(-5).
14
Let n(i) = -113*i - 2262. What is n(-18)?
-228
Let m(j) = -2*j**3 + 9*j**2 + 15*j - 56. Determine m(5).
-6
Let s(k) = -2*k**3 - 40*k**2 + 52*k + 246. Determine s(-21).
36
Let p(g) = 6*g + 31. Give p(-3).
13
Let t(x) = -2*x**3 - 28*x**2 + 42*x - 16. Determine t(-14).
-604
Let b(h) = h**3 + 3*h**2 + 27*h + 91. Calculate b(-3).
10
Let a(l) = l**3 + 12*l**2 + 33*l - 25. Calculate a(-6).
-7
Let i(w) = -w**3 - 14*w**2 + 25*w + 105. Determine i(-15).
-45
Let r(f) = 9*f**2 - 4*f - 37. Determine r(4).
91
Let u(c) = -9*c + 170. What is u(18)?
8
Let d(x) = x**3 - 5*x**2 + 5*x - 18. What is d(3)?
-21
Let j(o) = 554*o - 6657. Calculate j(12).
-9
Let q(i) = -2*i**3 + 73*i**2 - 34*i - 50. Give q(36).
22
Let l(p) = -2*p**3 - 369*p**2 - 2312*p + 332. What is l(-178)?
-24
Let r(u) = -u**3 + 15*u**2 + 16*u - 11. Determine r(16).
-11
Let c(t) = t**2 - 203*t - 1688. Determine c(-8).
0
Let c(v) = -33*v - 652. Calculate c(-21).
41
Let a(n) = 13*n**2 - 119*n + 36. What is a(9)?
18
Let h(t) = -t**3 - 31*t**2 - 180*t + 80. Give h(-23).
-12
Let w(f) = -42*f**2 + 8*f - 2. Determine w(-1).
-52
Let u(l) = l**3 + 21*l**2 + 7*l - 34. Give u(-8).
742
Let u(q) = -7*q**2 + 107*q - 848. Calculate u(7).
-442
Let o(r) = -r**3 + 9*r**2 + 14*r - 73. Calculate o(11).
-161
Let i(l) = -l**2 + 135*l + 6997. Give i(-40).
-3
Let h(g) = 2750*g - 19251. What is h(7)?
-1
Let x(w) = w**3 + 28*w**2 + 17*w + 20. Determine x(-27).
290
Let c(x) = 4*x**3 + 3*x**2 - 21*x - 15. What is c(4)?
205
Let v(m) = -23*m - 345. Give v(-42).
621
Let b(l) = -97*l + 4548. Give b(47).
-11
Let f(g) = 22*g - 255. Calculate f(9).
-57
Let r(j) = j**3 + 38*j**2 + 110*j - 26. Calculate r(-35).
-201
Let c(h) = -h**2 - 16*h + 54. What is c(-18)?
18
Let o(w) = -20*w**2 + 45*w - 156. Calculate o(4).
-296
Let a(u) = u**3 + 10*u**2 + 7*u + 82. What is a(-11)?
-116
Let z(b) = 53*b**3 + 2*b**2 + 5*b + 3. Determine z(-1).
-53
Let o(u) = -37*u + 12. Calculate o(8).
-284
Let x(j) = 2*j**3 + 176*j**2 - 343*j + 1535. Determine x(-90).
5
Let g(i) = 60*i + 4615. Determine g(-77).
-5
Let a(b) = b**3 + 17*b**2 + 15*b - 189. What is a(-5)?
36
Let f(l) = -7*l - 55. Determine f(9).
-118
Let j(f) = 323*f - 12962. What is j(40)?
-42
Let n(l) = 178*l**2 - 2495*l + 44. Determine n(14).
2
Let i(g) = 7*g + 66. Calculate i(13).
157
Let b(u) = -u**2 + 19*u + 2862. Calculate b(-45).
-18
Let r(b) = -b**3 + 41*b**2 + 171*b + 409. What is r(45)?
4
Let u(i) = -i**2 + 27*i - 49. What is u(16)?
127
Let q(x) = x**3 - 22*x**2 + 82*x - 29. Calculate q(17).
-80
Let i(w) = w**3 - 56*w**2 + 755*w - 242. Determine i(34).
-4
Let y(d) = d**2 - 24*d - 36. Give y(18).
-144
Let x(c) = 101*c + 1391. Determine x(-14).
-23
Let k(d) = -d**3 - 49*d**2 - 94*d + 10. Calculate k(-47).
10
Let b(o) = -26*o + 91. Determine b(21).
-455
Let q(o) = -o**2 + 270*o - 3379. Give q(13).
-38
Let w(a) = 25*a**3 + a**2 + a + 4. What is w(-2)?
-194
Let g(j) = j**3 + 47*j**2 - 142*j + 366. Calculate g(-50).
-34
Let x(s) = s**2 - 1663*s + 85337. Determine x(53).
7
Let d(g) = -2*g**2 + 80*g - 702. Calculate d(19).
96
Let k(i) = 10*i**2 - 11*i - 35. Give k(-5).
270
Let y(n) = n**3 - 26*n**2 - 15*n + 82. Calculate y(26).
-308
Let m(p) = -48*p + 1. Give m(-1).
49
Let k(m) = -m**2 + 8*m + 6238. Give k(83).
13
Let p(i) = -150*i**2 + 12599*i + 115. Give p(84).
31
Let s(y) = -3*y**2 - 72*y - 147. Calculate s(-2).
-15
Let a(m) = -76*m - 693. What is a(-9)?
-9
Let g(l) = -9*l**2 - 1007*l + 121. Give g(-112).
9
Let r(c) = c**3 + 29*c**2 - 4*c - 111. Calculate r(-29).
5
Let g(h) = -2*h - 72. Give g(0).
-72
Let j(n) = n**2 - 9*n - 188. Determine j(19).
2
Let s(b) = -3*b**3 + 13*b**2 + 5*b + 30. Determine s(5).
5
Let u(x) = -19*x + 1092. Calculate u(58).
-10
Let x(o) = 3915*o - 11757. Calculate x(3).
-12
Let t(y) = -12*y**2 - 16*y + 30. Give t(2).
-50
Let q(k) = -k**3 + 27*k**2 + 32*k - 145. What is q(28)?
-33
Let o(n) = -n**2 + 110. Determine o(-9).
29
Let h(b) = -1272*b + 10105. What is h(8)?
-71
Let x(n) = -39*n + 555. Calculate x(14).
9
Let n(a) = 2*a**3 - 17*a**2 - 5*a - 48. Give n(8).
-152
Let d(w) = -375*w - 1318. What is d(-5)?
557
Let m(a) = -a**3 - 2*a**2 + 167*a + 310. Calculate m(-13).
-2
Let h(p) = -274*p + 530. Determine h(2).
-18
Let s(z) = -136*z - 2713. What is s(-20)?
7
Let w(a) = 69*a + 2842. What is w(-42)?
-56
Let o(h) = h**2 + 63*h - 29457. What is o(143)?
1
Let j(t) = 19*t + 302. Calculate j(-40).
-458
Let k(m) = -846*m + 49057. Determine k(58).
-11
Let j(c) = 3*c**3 - 74*c**2 - 11*c - 59. Calculate j(25).
291
Let j(x) = -2*x**3 - 3*x**2 - 5*x - 5. Determine j(4).
-201
Let u(j) = -1024*j + 4105. Determine u(4).
9
Let p(a) = 1384*a - 11138. Calculate p(8).
-66
Let h(g) = -7*g**2 - 214*g + 147. What is h(-31)?
54
Let u(y) = y**3 - 3*y**2 + 273*y - 1410. Give u(5).
5
Let u(l) = 3*l**2 - 13*l - 137. What is u(-6)?
49
Let f(u) = u**2 - 50*u - 870. What is f(-16)?
186
Let j(a) = -2*a**2 - 757*a - 21865. Calculate j(-347).
-4
Let d(i) = 12*i + 129. Determine d(-10).
9
Let z(v) = -2*v**3 + 26*v**2 + 17*v - 25. Determine z(13).
196
Let a(m) = 2040*m - 38757. Calculate a(19).
3
Let t(k) = -4*k**3 - 423*k**2 + 100*k - 631. Calculate t(-106).
5
Let n(j) = 5*j**2 + 83*j - 263. What is n(3)?
31
Let v(f) = -f**2 + 17*f - 65. Give v(4).
-13
Let o(i) = -4*i**3 + 13*i**2 - 27*i + 65. Determine o(3).
-7
Let x(h) = 31*h - 1494. Give x(48).
-6
Let f(c) = 215*c + 635. Determine f(-3).
-10
Let m(s) = -89*s - 8106. Determine m(-91).
-7
Let y(s) = s**2 - 63*s + 501. Give y(9).
15
Let z(v) = 8*v**2 - 121*v - 121. Determine z(-1).
8
Let y(o) = -223*o - 348. What is y(0)?
-348
Let v(q) = q**3 + 3*q**2 - 14*q - 27. Determine v(-5).
-7
Let q(t) = -4*t**3 - 5*t - 23. Calculate q(-3).
100
Let c(j) = -j**3 - j**2 + 41*j + 103. Determine c(-3).
-2
Let b(k) = -k**3 + 28*k**2 - 54*k + 109. Calculate b(26).
57
Let g(j) = j**3 + 8*j**2 + 5*j - 24. Give g(3).
90
Let j(n) = n**3 - 58*n**2 + 63*n - 392. Determine j(57).
-50
Let z(k) = 3*k**3 + 25*k**2 - 19*k - 334. Determine z(-7).
-5
Let l(z) = -31*z**2 - 236*z - 27. Give l(-7).
106
Let w(d) = 2*d + 100. Calculate w(9).
118
Let o(r) = r**3 + 5*r**2 - 16*r - 77. Determine o(-4).
3
Let s(p) = 2*p**2 - 118*p + 1386. Calculate s(42).
-42
Let q(b) = -b**3 - 11*b**2 - 34*b - 25. Calculate q(-6).
-1
Let d(s) = -s**3 - 23*s**2 + 45*s + 72. Determine d(-25).
197
Let r(b) = 17*b**3 + 16*b**2 - 16*b - 1. Give r(1).
16
Let n(j) = 947*j + 7579. Give n(-8).
3
Let x(q) = 22*q - 206. Give x(13).
80
Let o(c) = -2*c**2 - 131*c - 337. Calculate o(-63).
-22
Let j(a) = 104*a**3 + 4*a**2 + 7*a + 5. Calculate j(-1).
-102
Let x(v) = -96*v + 1623. Give x(17).
-9
Let h(o) = 34*o**2 + 441*o + 430. Determine h(-12).
34
Let g(p) = p**3 + 9*p**2 - 57*p - 338. Give g(-13).
-273
Let u(r) = -92*r + 1048. What is u(10)?
128
Let l(p) = -2*p**2 + 111*p - 45. Calculate l(55).
10
Let k(c) = 2*c**3 - 42*c**2 + c - 12. Determine k(21).
9
Let m(a) = 4*a**3 - 4*a**2 + 4*a - 5. Calculate m(3).
79
L